{"id":121,"date":"2012-05-27T16:13:03","date_gmt":"2012-05-27T16:13:03","guid":{"rendered":"http:\/\/aktivwandern.ch\/?page_id=121"},"modified":"2018-08-10T19:50:05","modified_gmt":"2018-08-10T19:50:05","slug":"agb","status":"publish","type":"page","link":"https:\/\/aktivwandern.ch\/?page_id=121","title":{"rendered":"AGB"},"content":{"rendered":"<p><strong>Anmeldung:<\/strong> Die Anmeldung kann schriftlich oder m\u00fcndlich erfolgen. Danach erhalten Sie die Rechnung, mit dem Zahlungsdatum. Kurzfristige Buchungen &amp; 1 t\u00e4gige Touren werden sofort bezahlt.<\/p>\n<p><strong>Annulationen:&nbsp;<\/strong>Bei einer Stornierung gelten folgende Regeln: 60 &#8211; 31 Tage vor Tourenbeginn: Fr. 150.&#8211; Bearbeitungsgeb\u00fchr, 30 &#8211; 21 Tage vor Tourenbeginn: 50%, 20 &#8211; 11 Tage vor Tourenbeginn 80%, 10 &#8211; 0 Tage vor Tourenbeginn 100% des Tourenpreises. Wird eine Tour Ihrerseits abgebrochen, erfolgt keine R\u00fcckerstattung. Sollte die Tour wegen zu wenig Teilnehmern nicht statt finden, wird der gesamte Betrag zur\u00fcck erstattet. Diese Regeln gelten nicht f\u00fcr die Auslandreisen. Dort gelten die im Reiseprogramm aufgef\u00fchrten Bedingungen.&nbsp;<\/p>\n<p><strong>Versicherung:<\/strong> Jeder Teilnehmer ist f\u00fcr eine gen\u00fcgenden Versicherungsschutz verpflichtet. Eine Annulationsversicherung und Rettungsversicherung (z.B. Air Zermatt) empfehle ich Ihnen sehr.<\/p>\n<p><strong>Haftung:<\/strong> Bei einem Unfall lehne ich jede Haftung und Schadenersatz ab. Mit Ihrer Anmeldung, erkl\u00e4ren Sie sich mit dieser Regelung einverstanden.<\/p>\n<p><strong>Programm\u00e4nderung:<\/strong> Da wir uns in der Natur bewegen, kann es sein, dass das Programm kurzfristig ge\u00e4ndert werden muss.<\/p>\n<p>&nbsp;<\/p>\n","protected":false},"excerpt":{"rendered":"<p>Anmeldung: Die Anmeldung kann schriftlich oder m\u00fcndlich erfolgen. Danach erhalten Sie die Rechnung, mit dem Zahlungsdatum. Kurzfristige Buchungen &amp; 1 t\u00e4gige Touren werden sofort bezahlt. Annulationen:&nbsp;Bei einer Stornierung gelten folgende Regeln: 60 &#8211; 31 Tage vor Tourenbeginn: Fr. 150.&#8211; Bearbeitungsgeb\u00fchr, 30 &#8211; 21 Tage vor Tourenbeginn: 50%, 20 &#8211; 11 Tage vor Tourenbeginn 80%, 10 [&hellip;]<\/p>\n","protected":false},"author":2,"featured_media":0,"parent":0,"menu_order":4,"comment_status":"open","ping_status":"open","template":"","meta":{"_monsterinsights_skip_tracking":false,"_monsterinsights_sitenote_active":false,"_monsterinsights_sitenote_note":"","_monsterinsights_sitenote_category":0,"ngg_post_thumbnail":0,"footnotes":""},"class_list":["post-121","page","type-page","status-publish","hentry"],"_links":{"self":[{"href":"https:\/\/aktivwandern.ch\/index.php?rest_route=\/wp\/v2\/pages\/121","targetHints":{"allow":["GET"]}}],"collection":[{"href":"https:\/\/aktivwandern.ch\/index.php?rest_route=\/wp\/v2\/pages"}],"about":[{"href":"https:\/\/aktivwandern.ch\/index.php?rest_route=\/wp\/v2\/types\/page"}],"author":[{"embeddable":true,"href":"https:\/\/aktivwandern.ch\/index.php?rest_route=\/wp\/v2\/users\/2"}],"replies":[{"embeddable":true,"href":"https:\/\/aktivwandern.ch\/index.php?rest_route=%2Fwp%2Fv2%2Fcomments&post=121"}],"version-history":[{"count":9,"href":"https:\/\/aktivwandern.ch\/index.php?rest_route=\/wp\/v2\/pages\/121\/revisions"}],"predecessor-version":[{"id":1107,"href":"https:\/\/aktivwandern.ch\/index.php?rest_route=\/wp\/v2\/pages\/121\/revisions\/1107"}],"wp:attachment":[{"href":"https:\/\/aktivwandern.ch\/index.php?rest_route=%2Fwp%2Fv2%2Fmedia&parent=121"}],"curies":[{"name":"wp","href":"https:\/\/api.w.org\/{rel}","templated":true}]}}